{"version":"1.0","provider_name":"Lyc\u00e9e Professionnel Denis Diderot","provider_url":"https:\/\/lpdiderot10.fr","author_name":"Florent","author_url":"https:\/\/lpdiderot10.fr\/index.php\/author\/falbera\/","title":"Parcours d\u2019int\u00e9gration - Lyc\u00e9e Professionnel Denis Diderot","type":"rich","width":600,"height":338,"html":"<blockquote class=\"wp-embedded-content\" data-secret=\"lNNTZREjdt\"><a href=\"https:\/\/lpdiderot10.fr\/index.php\/2023\/12\/21\/parcours-dintegration\/\">Parcours d\u2019int\u00e9gration<\/a><\/blockquote><iframe sandbox=\"allow-scripts\" security=\"restricted\" src=\"https:\/\/lpdiderot10.fr\/index.php\/2023\/12\/21\/parcours-dintegration\/embed\/#?secret=lNNTZREjdt\" width=\"600\" height=\"338\" title=\"\u00ab\u00a0Parcours d\u2019int\u00e9gration\u00a0\u00bb &#8212; Lyc\u00e9e Professionnel Denis Diderot\" data-secret=\"lNNTZREjdt\" frameborder=\"0\" marginwidth=\"0\" marginheight=\"0\" scrolling=\"no\" class=\"wp-embedded-content\"><\/iframe><script type=\"text\/javascript\">\n\/*! This file is auto-generated *\/\n!function(c,d){\"use strict\";var e=!1,o=!1;if(d.querySelector)if(c.addEventListener)e=!0;if(c.wp=c.wp||{},c.wp.receiveEmbedMessage);else if(c.wp.receiveEmbedMessage=function(e){var t=e.data;if(!t);else if(!(t.secret||t.message||t.value));else if(\/[^a-zA-Z0-9]\/.test(t.secret));else{for(var r,s,a,i=d.querySelectorAll('iframe[data-secret=\"'+t.secret+'\"]'),n=d.querySelectorAll('blockquote[data-secret=\"'+t.secret+'\"]'),o=new RegExp(\"^https?:$\",\"i\"),l=0;l<n.length;l++)n[l].style.display=\"none\";for(l=0;l<i.length;l++)if(r=i[l],e.source!==r.contentWindow);else{if(r.removeAttribute(\"style\"),\"height\"===t.message){if(1e3<(s=parseInt(t.value,10)))s=1e3;else if(~~s<200)s=200;r.height=s}if(\"link\"===t.message)if(s=d.createElement(\"a\"),a=d.createElement(\"a\"),s.href=r.getAttribute(\"src\"),a.href=t.value,!o.test(a.protocol));else if(a.host===s.host)if(d.activeElement===r)c.top.location.href=t.value}}},e)c.addEventListener(\"message\",c.wp.receiveEmbedMessage,!1),d.addEventListener(\"DOMContentLoaded\",t,!1),c.addEventListener(\"load\",t,!1);function t(){if(o);else{o=!0;for(var e,t,r,s=-1!==navigator.appVersion.indexOf(\"MSIE 10\"),a=!!navigator.userAgent.match(\/Trident.*rv:11\\.\/),i=d.querySelectorAll(\"iframe.wp-embedded-content\"),n=0;n<i.length;n++){if(!(r=(t=i[n]).getAttribute(\"data-secret\")))r=Math.random().toString(36).substr(2,10),t.src+=\"#?secret=\"+r,t.setAttribute(\"data-secret\",r);if(s||a)(e=t.cloneNode(!0)).removeAttribute(\"security\"),t.parentNode.replaceChild(e,t);t.contentWindow.postMessage({message:\"ready\",secret:r},\"*\")}}}}(window,document);\n<\/script>\n","thumbnail_url":"https:\/\/lpdiderot10.fr\/wp-content\/uploads\/2023\/12\/word-image-3410-4.jpeg","thumbnail_width":1344,"thumbnail_height":1008,"description":"Demi-journ\u00e9es sportives \u00e0 la B\u00e9ch\u00e8re Du mardi 26 septembre au vendredi 29 septembre, tous les \u00e9l\u00e8ves entrants du lyc\u00e9e professionnel Denis Diderot de Romilly sur Seine ont particip\u00e9 aux traditionnelles demi-journ\u00e9es sportives organis\u00e9es au parc de la B\u00e9ch\u00e8re. Ces demi-journ\u00e9es, organis\u00e9s par les enseignants d\u2019EPS du lyc\u00e9e et M. Desrat (enseignant de lettre-histoire-g\u00e9ographie), ont pour [&hellip;]"}

Lycée Professionnel Denis Diderot

Parcours d’intégration - Lycée Professionnel Denis Diderot

<blockquote class="wp-embedded-content" data-secret="lNNTZREjdt"><a href="https://lpdiderot10.fr/index.php/2023/12/21/parcours-dintegration/">Parcours d’intégration</a></blockquote><iframe sandbox="allow-scripts" security="restricted" src="https://lpdiderot10.fr/index.php/2023/12/21/parcours-dintegration/embed/#?secret=lNNTZREjdt" width="600" height="338" title="« Parcours d’intégration » &#8212; Lycée Professionnel Denis Diderot" data-secret="lNNTZREjdt" frameborder="0" marginwidth="0" marginheight="0" scrolling="no" class="wp-embedded-content"></iframe><script type="text/javascript">
/*! This file is auto-generated */
!function(c,d){"use strict";var e=!1,o=!1;if(d.querySelector)if(c.addEventListener)e=!0;if(c.wp=c.wp||{},c.wp.receiveEmbedMessage);else if(c.wp.receiveEmbedMessage=function(e){var t=e.data;if(!t);else if(!(t.secret||t.message||t.value));else if(/[^a-zA-Z0-9]/.test(t.secret));else{for(var r,s,a,i=d.querySelectorAll('iframe[data-secret="'+t.secret+'"]'),n=d.querySelectorAll('blockquote[data-secret="'+t.secret+'"]'),o=new RegExp("^https?:$","i"),l=0;l<n.length;l++)n[l].style.display="none";for(l=0;l<i.length;l++)if(r=i[l],e.source!==r.contentWindow);else{if(r.removeAttribute("style"),"height"===t.message){if(1e3<(s=parseInt(t.value,10)))s=1e3;else if(~~s<200)s=200;r.height=s}if("link"===t.message)if(s=d.createElement("a"),a=d.createElement("a"),s.href=r.getAttribute("src"),a.href=t.value,!o.test(a.protocol));else if(a.host===s.host)if(d.activeElement===r)c.top.location.href=t.value}}},e)c.addEventListener("message",c.wp.receiveEmbedMessage,!1),d.addEventListener("DOMContentLoaded",t,!1),c.addEventListener("load",t,!1);function t(){if(o);else{o=!0;for(var e,t,r,s=-1!==navigator.appVersion.indexOf("MSIE 10"),a=!!navigator.userAgent.match(/Trident.*rv:11\./),i=d.querySelectorAll("iframe.wp-embedded-content"),n=0;n<i.length;n++){if(!(r=(t=i[n]).getAttribute("data-secret")))r=Math.random().toString(36).substr(2,10),t.src+="#?secret="+r,t.setAttribute("data-secret",r);if(s||a)(e=t.cloneNode(!0)).removeAttribute("security"),t.parentNode.replaceChild(e,t);t.contentWindow.postMessage({message:"ready",secret:r},"*")}}}}(window,document);
</script>

Demi-journées sportives à la Béchère Du mardi 26 septembre au vendredi 29 septembre, tous les élèves entrants du lycée professionnel Denis Diderot de Romilly sur Seine ont participé aux traditionnelles demi-journées sportives organisées au parc de la Béchère. Ces demi-journées, organisés par les enseignants d’EPS du lycée et M. Desrat (enseignant de lettre-histoire-géographie), ont pour [&hellip;]
