{"id":107,"date":"2018-02-26T17:22:11","date_gmt":"2018-02-26T16:22:11","guid":{"rendered":"http:\/\/localhost\/?page_id=107"},"modified":"2019-12-03T07:44:26","modified_gmt":"2019-12-03T06:44:26","slug":"presentation","status":"publish","type":"page","link":"https:\/\/lpdiderot10.fr\/index.php\/presentation\/","title":{"rendered":"Pr\u00e9sentation de l&#8217;\u00e9tablissement"},"content":{"rendered":"<p><strong>Histoire du Lyc\u00e9e<\/strong><\/p>\n<p><em>D\u2019apr\u00e8s l\u2019ouvrage \u00ab\u00a0Romilly-sur-Seine de 1939 \u00e0 2000\u00a0\u00bb de Pierre Guillaumot<\/em><\/p>\n<p>D\u00e8s la fin de la seconde guerre mondiale, la cr\u00e9ation d\u2019un centre d\u2019apprentissage devint indispensable. Il fut install\u00e9 dans l\u2019ancienne usine de bonneterie Kulmann, construire en 1920 et situ\u00e9e 71 avenue Jean Jaur\u00e8s. Le b\u00e2timent \u00e9tait en mauvais \u00e9tat car il fut occup\u00e9 par les allemands qui avaient fait exploser des munitions \u00e0 leur d\u00e9part. Le toit avait \u00e9t\u00e9 souffl\u00e9 et les murs \u00e9branl\u00e9s. Il fallut proc\u00e9der \u00e0 une remise en \u00e9tat g\u00e9n\u00e9rale puis cloisonner, am\u00e9nager, un travail consid\u00e9rable auquel les enseignants prirent part.<\/p>\n<p>Une utilisation partielle des locaux eut lieu en 1946. Le 6 f\u00e9vrier 1947 les \u00e9l\u00e8ves inscrits habitant Romilly sur Seine furent bien convoqu\u00e9s mais il ne s\u2019agissait pas d\u2019une v\u00e9ritable ouverture. Ils durent se munir de pioches pour quelques travaux pr\u00e9paratoires et c\u2019est en r\u00e9alit\u00e9 seulement le 3 mars que le centre de formation Professionnelle commen\u00e7a \u00e0 fonctionner. Il devint ensuite le coll\u00e8ge d\u2019Enseignement Technique en 1960.<\/p>\n<p>Deux sections existaient au d\u00e9part\u00a0: la menuiserie et l\u2019ajustage, avec un effectif de 75 \u00e9l\u00e8ves. Une troisi\u00e8me concernant la bonneterie \u00ab\u00a0pour filles et gar\u00e7ons\u00a0\u00bb apparut en octobre 1947. Elle accueillit en particulier les \u00e9l\u00e8ves de l\u2019\u00e9cole de bonneterie qui avait \u00e9t\u00e9 cr\u00e9\u00e9e en 1943 par le patronat du textile local et que dirigea Monsieur Kiffel. Le rebroussage\u00a0; le remmaillage, la couture des bas, le raccoutrage, le bobinage, la piqure et le sujet pour les sous-v\u00eatements, y furent enseign\u00e9s au cours de sessions d\u2019une dur\u00e9e maximum de cinq mois.<\/p>\n<p>Une section d\u2019enseignement m\u00e9nager (devenue ensuite \u00ab\u00a0employ\u00e9es de collectivit\u00e9s\u00a0\u00bb) fut cr\u00e9\u00e9e en 1952, une section de chaudronnerie en 1958, une section \u00ab\u00a0employ\u00e9es de bureau\u00a0\u00bb en 1960. Mentionnons \u00e9galement un cours de pr\u00e9paration au CAP de vendeur ouvert le 30 avril 1957, un cours de dessin industriel pour les menuisiers et les ajusteurs, ainsi qu\u2019une branche d\u2019enseignement g\u00e9n\u00e9ral.<\/p>\n<p>Les locaux de l\u2019avenue Jean Jaur\u00e8s ne constituaient qu\u2019une solution provisoire\u00a0; l\u2019augmentation de l\u2019effectif les rendit bient\u00f4t insuffisants, on dut en trouver de nouveaux.<\/p>\n<p>Des travaux d\u2019am\u00e9nagement furent entrepris en juillet 1957 dans l\u2019ancienne usine Bourgeoisat, rue Anatole France. Cette annexe accueillit les filles de la section bonneterie et les \u00e9l\u00e8ves \u00ab\u00a0employ\u00e9es de collectivit\u00e9s\u00a0\u00bb \u00e0 partir du 1<sup>er<\/sup> octobre 1958\u00a0; elle fut inaugur\u00e9e le 27 juin 1959. Cela n\u2019emp\u00eacha pas de donner les cours de couture dans un local rue M\u00e9renda, avenue de la Libert\u00e9, attenant \u00e0 la caserne des sapeurs-pompiers et ceux de cuisine dans une salle du coll\u00e8ge classique et moderne de l\u2019avenue Pierre Brossolette.<\/p>\n<p>Les \u00e9l\u00e8ves de la section bonneterie gar\u00e7ons occupaient, pour leur part, l\u2019ancienne usine Duchat, rue Mignard, o\u00f9 ils avaient \u00e9galement leur internat. Apr\u00e8s quelques ann\u00e9es, ils durent quitter le b\u00e2timent devenu trop v\u00e9tuste et furent accueillis dans un local des \u00e9tablissements Dupr\u00e9, \u00e0 partir du 23 f\u00e9vrier 1970. D\u2019autre part, une annexe fonctionnait \u00e0 Nogent sur Seine. Quant aux classes pr\u00e9fabriqu\u00e9es auxquelles on avait d\u00fb avoir recours, avenue Jean Jaur\u00e8s, elles \u00e9taient en mauvais \u00e9tat.<\/p>\n<p>On imagine ais\u00e9ment les difficult\u00e9s de fonctionnement cr\u00e9\u00e9es par une telle situation. C\u2019est pour y rem\u00e9dier que la municipalit\u00e9 obtint la programmation d\u2019un coll\u00e8ge d\u2019enseignement technique mais il ne s\u2019agissait en r\u00e9alit\u00e9 que d\u2019une extension des b\u00e2timents de l\u2019avenue Jean Jaur\u00e8s. Seul un \u00e9tablissement nouveau pourrait mettre un terme \u00e0 la dispersion. Le conseil municipal continua donc son action. Le 4 avril 1967, il avait r\u00e9serv\u00e9 un terrain de 71\u00a0589 m2 compris entre l\u2019avenue du Val Thibault, l\u2019avenue Jean Jaur\u00e8s et la voie ferr\u00e9e, lieu-dit Le noyer Marchand\u00a0; il en vota l\u2019acquisition le 28 mars 1968.<\/p>\n<p>Le projet de coll\u00e8ge d\u00fb \u00e0 l\u2019architecte Santef fut approuv\u00e9 par le minist\u00e8re et les \u00e9lus locaux l\u2019adopt\u00e8rent le 27 f\u00e9vrier 1970. La premi\u00e8re pierre fut pos\u00e9e le 24 avril 1971\u00a0; l\u2019inauguration eut lieu le 21 octobre 1972. La rentr\u00e9e quant \u00e0 elle, s\u2019\u00e9tait d\u00e9roul\u00e9e le 18 septembre pr\u00e9c\u00e9dent. L\u2019\u00e9tablissement qui pouvait accueillir 540 \u00e9l\u00e8ves dont 192 internes, avait \u00e9t\u00e9 construit par l\u2019entreprise Briant en utilisant le proc\u00e9d\u00e9 Coutant. Selon la presse d\u00e9partementale, le montant des travaux s\u2019\u00e9leva \u00e0 7 676\u00a0005 F.<\/p>\n<p>Le coll\u00e8ge pr\u00e9parait en trois ans au certificat d\u2019aptitude professionnelle et, en deux ans apr\u00e8s la classe de 3eme des coll\u00e8ges d\u2019enseignement moderne, au brevet d\u2019enseignement professionnel. Il offrait des sp\u00e9cialisations pour ouvri\u00e8res en bonneterie et pour soudeurs en une ann\u00e9e d\u2019\u00e9tudes et comprenait \u00e9galement des cours professionnels municipaux ainsi que des cours de \u00ab\u00a0formation sociale\u00a0\u00bb. Il devint lyc\u00e9e d\u2019enseignement professionnel en 1977 et prit le nom de Denis Diderot.<\/p>\n<p>De nouvelles sections apparurent progressivement. Cela qui conduit au baccalaur\u00e9at professionnel \u00ab\u00a0structure m\u00e9tallique\u00a0\u00bb n\u00e9cessita une extension des b\u00e2timents vot\u00e9e par le conseil g\u00e9n\u00e9ral le 12 octobre 1992.<\/p>\n<p>Le devis qui comprenait aussi une r\u00e9novation des locaux existants se montait \u00e0 12\u00a0060\u00a0000 F. le chantier ouvrit le 17 f\u00e9vrier 1994 et les nouvelles installations furent mises en service le 8 septembre 1994, date de la rentr\u00e9e. Le lyc\u00e9e comptait alors \u00ab\u00a022 divisions pour un effectif total de 530 \u00e9l\u00e8ves filles et gar\u00e7ons\u00a0\u00bb.<\/p>\n","protected":false},"excerpt":{"rendered":"<p>Histoire du Lyc\u00e9e D\u2019apr\u00e8s l\u2019ouvrage \u00ab\u00a0Romilly-sur-Seine de 1939 \u00e0 2000\u00a0\u00bb de Pierre Guillaumot D\u00e8s la fin de la seconde guerre mondiale, la cr\u00e9ation d\u2019un centre d\u2019apprentissage devint indispensable. Il fut install\u00e9 dans l\u2019ancienne usine de bonneterie Kulmann, construire en 1920 et situ\u00e9e 71 avenue Jean Jaur\u00e8s. Le b\u00e2timent \u00e9tait en mauvais \u00e9tat car il fut [&hellip;]<\/p>\n","protected":false},"author":2,"featured_media":0,"parent":0,"menu_order":0,"comment_status":"closed","ping_status":"closed","template":"page-templates\/page_fullwidth.php","meta":[],"_links":{"self":[{"href":"https:\/\/lpdiderot10.fr\/index.php\/wp-json\/wp\/v2\/pages\/107"}],"collection":[{"href":"https:\/\/lpdiderot10.fr\/index.php\/wp-json\/wp\/v2\/pages"}],"about":[{"href":"https:\/\/lpdiderot10.fr\/index.php\/wp-json\/wp\/v2\/types\/page"}],"author":[{"embeddable":true,"href":"https:\/\/lpdiderot10.fr\/index.php\/wp-json\/wp\/v2\/users\/2"}],"replies":[{"embeddable":true,"href":"https:\/\/lpdiderot10.fr\/index.php\/wp-json\/wp\/v2\/comments?post=107"}],"version-history":[{"count":6,"href":"https:\/\/lpdiderot10.fr\/index.php\/wp-json\/wp\/v2\/pages\/107\/revisions"}],"predecessor-version":[{"id":1208,"href":"https:\/\/lpdiderot10.fr\/index.php\/wp-json\/wp\/v2\/pages\/107\/revisions\/1208"}],"wp:attachment":[{"href":"https:\/\/lpdiderot10.fr\/index.php\/wp-json\/wp\/v2\/media?parent=107"}],"curies":[{"name":"wp","href":"https:\/\/api.w.org\/{rel}","templated":true}]}}