{"id":14,"date":"2018-02-26T15:03:04","date_gmt":"2018-02-26T14:03:04","guid":{"rendered":"http:\/\/localhost\/?page_id=14"},"modified":"2025-10-23T18:11:21","modified_gmt":"2025-10-23T16:11:21","slug":"serrurerie-metallerie","status":"publish","type":"page","link":"https:\/\/lpdiderot10.fr\/index.php\/formations\/serrurerie-metallerie\/","title":{"rendered":"M\u00e9tallerie | CAP"},"content":{"rendered":"<h2><iframe loading=\"lazy\" src=\"\/\/www.youtube.com\/embed\/TJ6AE7b0xZs?si=cORpc4A6MHmsKrv5\" width=\"560\" height=\"314\" allowfullscreen=\"allowfullscreen\"><\/iframe><\/h2>\n<h2><b>Qu\u2019est ce qu\u2019un professionnel<\/b><\/h2>\n<h2><b>Serrurier m\u00e9tallier ? <\/b><\/h2>\n<p>DEFINITION DU METIER<\/p>\n<h3><\/h3>\n<p>Le serrurier m\u00e9tallier travaille les m\u00e9taux ou des mat\u00e9riaux de synth\u00e8se et leur donne la forme voulue. Il produit diff\u00e9rentes sortes d&#8217;ouvrages et peut aussi intervenir sur le chantier pour participer \u00e0 la pose de l&#8217;ouvrage.<br \/>\nIl utilise des outils \u00e0 main et des machines, souvent programmables.<\/p>\n<h3><\/h3>\n<p>VOS COMPETENCES APRES LA FORMATION<\/p>\n<h3><\/h3>\n<p>Analyser un dossier technique<br \/>\nChoisir les moyens de proc\u00e9der<br \/>\nInstaller la mati\u00e8re, les outils<br \/>\nUsiner les pi\u00e8ces, les mettre en forme<br \/>\nTechnique de\u00a0 pliage, cintrage ou forgeage<br \/>\nR\u00e9aliser le montage-assemblage de l&#8217;ouvrage Souder, visser, utiliser rivets, boulons ou colles.<\/p>\n<p>VOS ACTIVITES<\/p>\n<p>Dessiner et fabriquer des ouvrages<br \/>\nD\u00e9couper des pi\u00e8ces, Proc\u00e9der au montage<br \/>\nMaintenance et entretien<\/p>\n<h3><\/h3>\n<p>CE QUI VOUS CARACTERISE<\/p>\n<h3><\/h3>\n<p>Vous aimez cr\u00e9er et votre champ d\u2019activit\u00e9 est tr\u00e8s large. Vos comp\u00e9tences techniques sont pointues. Votre profession offre 1000 possibilit\u00e9s.<\/p>\n<h3><b>Formation<\/b><\/h3>\n<p><b>14 semaines de p\u00e9riodes de formation en entreprise <\/b>pour vivre une exp\u00e9rience sur le terrain. C\u2019est un atout qui vous permet de conna\u00eetre le monde professionnel.<\/p>\n<p><b>LES EMPLOIS<\/b><\/p>\n<p>Charpentier m\u00e9tallique<br \/>\nMachiniste constructeur ou plateau<br \/>\nSerrurier\/\u00e8re-m\u00e9tallier\/\u00e8re<br \/>\nSoudeur\/euse<\/p>\n<h3><b>EVOLUTION<\/b><\/h3>\n<p><b>\u00a0<\/b>Chef de chantier<br \/>\nChef d&#8217;\u00e9quipe<br \/>\nArtisan ind\u00e9pendant.<\/p>\n<h3>LES POSSIBILITES D\u2019ORIENTATION<\/h3>\n<p><a href=\"http:\/\/www.onisep.fr\/Ressources\/Univers-Formation\/Formations\/Lycees\/CAP-Ferronnier-d-art\">CAP Ferronnier d&#8217;art<\/a><br \/>\nBP serrurerie m\u00e9tallerie.<br \/>\nBP monteur d\u00e9panneur<br \/>\nBP construction d&#8217;ouvrages du b\u00e2timent<\/p>\n<h3><b>\u00c0 savoir<\/b><\/h3>\n<p>Formation accessible aux \u00e9l\u00e8ves d\u2019ULIS (troubles cognitifs) &#8211; pour d\u00e9livrance d\u2019une attestation professionnelle de comp\u00e9tences.<\/p>\n<p>Possibilit\u00e9 pour les titulaires d\u2019un autre CAP de pr\u00e9parer ce CAP\u00a0 en 1 an (parcours adapt\u00e9).<\/p>\n","protected":false},"excerpt":{"rendered":"<p>Qu\u2019est ce qu\u2019un professionnel Serrurier m\u00e9tallier ? DEFINITION DU METIER Le serrurier m\u00e9tallier travaille les m\u00e9taux ou des mat\u00e9riaux de synth\u00e8se et leur donne la forme voulue. Il produit diff\u00e9rentes sortes d&#8217;ouvrages et peut aussi intervenir sur le chantier pour participer \u00e0 la pose de l&#8217;ouvrage. Il utilise des outils \u00e0 main et des machines, [&hellip;]<\/p>\n","protected":false},"author":2,"featured_media":145,"parent":41,"menu_order":12,"comment_status":"closed","ping_status":"closed","template":"page-templates\/page_fullwidth.php","meta":[],"_links":{"self":[{"href":"https:\/\/lpdiderot10.fr\/index.php\/wp-json\/wp\/v2\/pages\/14"}],"collection":[{"href":"https:\/\/lpdiderot10.fr\/index.php\/wp-json\/wp\/v2\/pages"}],"about":[{"href":"https:\/\/lpdiderot10.fr\/index.php\/wp-json\/wp\/v2\/types\/page"}],"author":[{"embeddable":true,"href":"https:\/\/lpdiderot10.fr\/index.php\/wp-json\/wp\/v2\/users\/2"}],"replies":[{"embeddable":true,"href":"https:\/\/lpdiderot10.fr\/index.php\/wp-json\/wp\/v2\/comments?post=14"}],"version-history":[{"count":6,"href":"https:\/\/lpdiderot10.fr\/index.php\/wp-json\/wp\/v2\/pages\/14\/revisions"}],"predecessor-version":[{"id":3871,"href":"https:\/\/lpdiderot10.fr\/index.php\/wp-json\/wp\/v2\/pages\/14\/revisions\/3871"}],"up":[{"embeddable":true,"href":"https:\/\/lpdiderot10.fr\/index.php\/wp-json\/wp\/v2\/pages\/41"}],"wp:featuredmedia":[{"embeddable":true,"href":"https:\/\/lpdiderot10.fr\/index.php\/wp-json\/wp\/v2\/media\/145"}],"wp:attachment":[{"href":"https:\/\/lpdiderot10.fr\/index.php\/wp-json\/wp\/v2\/media?parent=14"}],"curies":[{"name":"wp","href":"https:\/\/api.w.org\/{rel}","templated":true}]}}