{"id":163,"date":"2018-02-28T10:55:37","date_gmt":"2018-02-28T09:55:37","guid":{"rendered":"http:\/\/lpdiderot10.fr\/?page_id=163"},"modified":"2025-10-23T18:03:40","modified_gmt":"2025-10-23T16:03:40","slug":"3eme-prepa-pro","status":"publish","type":"page","link":"https:\/\/lpdiderot10.fr\/index.php\/formations\/3eme-prepa-pro\/","title":{"rendered":"3\u00e8me Pr\u00e9pa M\u00e9tiers"},"content":{"rendered":"<p><strong><img loading=\"lazy\" class=\"wp-image-1483 aligncenter\" src=\"https:\/\/lpdiderot10.fr\/wp-content\/uploads\/2020\/05\/c-users-vanessa-desktop-46728403-icones-de-l-educ-2.jpeg\" alt=\"C:\\Users\\Vanessa\\Desktop\\46728403-ic\u00f4nes-de-l-\u00e9ducation-et-de-l-\u00e9cole-plat-dipl\u00f4me-d-\u00e9tudes-secondaires-de-collecte-bo\u00eete-de-crayon-compas-.jpg\" width=\"541\" height=\"346\" srcset=\"https:\/\/lpdiderot10.fr\/wp-content\/uploads\/2020\/05\/c-users-vanessa-desktop-46728403-icones-de-l-educ-2.jpeg 713w, https:\/\/lpdiderot10.fr\/wp-content\/uploads\/2020\/05\/c-users-vanessa-desktop-46728403-icones-de-l-educ-2-300x192.jpeg 300w\" sizes=\"(max-width: 541px) 100vw, 541px\" \/><\/strong><\/p>\n<p><span style=\"font-size: 18pt;\"><strong>La classe de Troisi\u00e8me Pr\u00e9pa-M\u00e9tiers<\/strong><\/span><\/p>\n<p>L\u2019ann\u00e9e de \u00ab\u00a0Troisi\u00e8me Pr\u00e9pa-M\u00e9tiers\u00a0\u00bb est une ann\u00e9e importante pour l\u2019\u00e9l\u00e8ve, qui tout en pr\u00e9parant un dipl\u00f4me de fin de cycle, le Dipl\u00f4me National du Brevet professionnel, doit pr\u00e9ciser son projet d\u2019orientation. Destin\u00e9e aux \u00e9l\u00e8ves qui souhaitent s\u2019engager rapidement dans le monde du travail, par le biais d\u2019\u00e9tudes en lyc\u00e9e professionnel ou en contrat d\u2019apprentissage, cette classe sp\u00e9cifique est une ann\u00e9e de pr\u00e9paration enrichissante et ouverte sur le champ des possibles. Propos\u00e9e au sein du lyc\u00e9e professionnel Denis Diderot, voici les caract\u00e9ristiques de la Troisi\u00e8me Pr\u00e9pa-M\u00e9tiers\u00a0:<\/p>\n<p>La d\u00e9couverte de corps de m\u00e9tiers diff\u00e9rents est une priorit\u00e9 au sein de ce cursus. En effet, au cours de l\u2019ann\u00e9e scolaire, les \u00e9l\u00e8ves, par le biais de cr\u00e9neaux horaires d\u00e9di\u00e9s, auront la chance de d\u00e9couvrir l\u2019ensemble des diff\u00e9rents types de fili\u00e8res dispens\u00e9es au sein de l\u2019\u00e9tablissement\u00a0: les m\u00e9tiers du bois\u00a0; les m\u00e9tiers du tertiaire\u00a0; la maintenance industrielle\u00a0; les m\u00e9tiers du m\u00e9tal\u00a0; les m\u00e9tiers de la s\u00e9curit\u00e9. Ces temps de d\u00e9couverte seront l\u2019occasion pour les \u00e9l\u00e8ves de pr\u00e9ciser leurs aspirations et de consolider leurs choix individuels d\u2019orientation.<\/p>\n<p>Pour accompagner la d\u00e9couverte professionnelle, ce sont trois stages d\u2019une semaine que les \u00e9l\u00e8ves effectuent dans l\u2019ann\u00e9e scolaire. Ainsi, il leur sera plus \u00e9vident de confronter leurs repr\u00e9sentations des m\u00e9tiers aux r\u00e9alit\u00e9s de terrain en vue de conforter leurs id\u00e9es d\u2019orientation. Des temps sp\u00e9cifiques hebdomadaires permettent alors aux professeurs principaux d\u2019effectuer un accompagnement collectif et individuel sur ce cheminement vers une orientation travaill\u00e9e, qui allie aspirations personnelles et comp\u00e9tences scolaires.<\/p>\n<p>Si le projet d\u2019orientation est au c\u0153ur de l\u2019ann\u00e9e de Troisi\u00e8me Pr\u00e9pa-M\u00e9tiers, les \u00e9l\u00e8ves y suivent tous les enseignements obligatoires de la 3<sup>\u00e8me<\/sup>, y compris la deuxi\u00e8me langue vivante. L\u2019acquisition du socle commun de connaissances, de comp\u00e9tences et de culture y est poursuivie, tout en pr\u00e9parant les \u00e9l\u00e8ves \u00e0 l\u2019obtention d\u2019un premier dipl\u00f4me, de fin de cycle, que constitue de DNB pro, Dipl\u00f4me National du Brevet professionnel.<\/p>\n<p><img loading=\"lazy\" class=\"wp-image-1484 alignleft\" src=\"https:\/\/lpdiderot10.fr\/wp-content\/uploads\/2020\/05\/c-users-vanessa-desktop-43998926-business-lady-es-2.jpeg\" alt=\"C:\\Users\\Vanessa\\Desktop\\43998926-business-lady-est-\u00e0-la-recherche-de-nouvelles-id\u00e9es-d-affaires-fl\u00e8che-bleue-croissante-en-tant-que-conc.jpg\" width=\"373\" height=\"347\" srcset=\"https:\/\/lpdiderot10.fr\/wp-content\/uploads\/2020\/05\/c-users-vanessa-desktop-43998926-business-lady-es-2.jpeg 538w, https:\/\/lpdiderot10.fr\/wp-content\/uploads\/2020\/05\/c-users-vanessa-desktop-43998926-business-lady-es-2-300x279.jpeg 300w\" sizes=\"(max-width: 373px) 100vw, 373px\" \/><\/p>\n<p>Sous statut de coll\u00e9gien en lyc\u00e9e professionnel, un accueil sp\u00e9cifique et plus encadr\u00e9 est r\u00e9serv\u00e9 aux \u00e9l\u00e8ves de Troisi\u00e8me Pr\u00e9pa-M\u00e9tiers. Les \u00e9quipes p\u00e9dagogiques et \u00e9ducatives assurent un suivi pr\u00e9cis des \u00e9l\u00e8ves et de leurs projets. Les familles ou autres responsables l\u00e9gaux sont \u00e9troitement associ\u00e9s aux diff\u00e9rentes \u00e9tapes de cette ann\u00e9e scolaire, depuis une r\u00e9union de rentr\u00e9e sp\u00e9cifique, en passant par des rendez-vous avec les \u00e9quipes, et jusqu\u2019\u00e0 la formulation finale des v\u0153ux d\u2019orientation de l\u2019\u00e9l\u00e8ve.<\/p>\n<p>Pour int\u00e9grer la classe de Troisi\u00e8me Pr\u00e9pa-M\u00e9tiers, la constitution du dossier doit se faire \u00e0 partir de la classe de quatri\u00e8me, aupr\u00e8s de l\u2019\u00e9quipe p\u00e9dagogique du coll\u00e8ge de l\u2019\u00e9l\u00e8ve. Pour obtenir davantage de pr\u00e9cisions sur les modalit\u00e9s d\u2019affectation, n\u2019h\u00e9sitez pas \u00e0 contacter le Centre d\u2019Information et d\u2019Orientation rattach\u00e9 \u00e0 votre territoire. Et afin d\u2019avoir davantage de pr\u00e9cisions sur les contenus de la formation et les volumes horaires, nous vous invitons \u00e0 consulter la page d\u00e9di\u00e9e de l\u2019Onisep via <a href=\"http:\/\/www.onisep.fr\/Pres-de-chez-vous\/Guadeloupe\/Pointe-a-Pitre\/Se-former-dans-ma-region\/Au-college\/La-3e-prepa-metiers\">ce lien<\/a>.<\/p>\n","protected":false},"excerpt":{"rendered":"<p>La classe de Troisi\u00e8me Pr\u00e9pa-M\u00e9tiers L\u2019ann\u00e9e de \u00ab\u00a0Troisi\u00e8me Pr\u00e9pa-M\u00e9tiers\u00a0\u00bb est une ann\u00e9e importante pour l\u2019\u00e9l\u00e8ve, qui tout en pr\u00e9parant un dipl\u00f4me de fin de cycle, le Dipl\u00f4me National du Brevet professionnel, doit pr\u00e9ciser son projet d\u2019orientation. Destin\u00e9e aux \u00e9l\u00e8ves qui souhaitent s\u2019engager rapidement dans le monde du travail, par le biais d\u2019\u00e9tudes en lyc\u00e9e professionnel [&hellip;]<\/p>\n","protected":false},"author":2,"featured_media":1483,"parent":41,"menu_order":1,"comment_status":"closed","ping_status":"closed","template":"page-templates\/page_fullwidth.php","meta":[],"_links":{"self":[{"href":"https:\/\/lpdiderot10.fr\/index.php\/wp-json\/wp\/v2\/pages\/163"}],"collection":[{"href":"https:\/\/lpdiderot10.fr\/index.php\/wp-json\/wp\/v2\/pages"}],"about":[{"href":"https:\/\/lpdiderot10.fr\/index.php\/wp-json\/wp\/v2\/types\/page"}],"author":[{"embeddable":true,"href":"https:\/\/lpdiderot10.fr\/index.php\/wp-json\/wp\/v2\/users\/2"}],"replies":[{"embeddable":true,"href":"https:\/\/lpdiderot10.fr\/index.php\/wp-json\/wp\/v2\/comments?post=163"}],"version-history":[{"count":6,"href":"https:\/\/lpdiderot10.fr\/index.php\/wp-json\/wp\/v2\/pages\/163\/revisions"}],"predecessor-version":[{"id":4008,"href":"https:\/\/lpdiderot10.fr\/index.php\/wp-json\/wp\/v2\/pages\/163\/revisions\/4008"}],"up":[{"embeddable":true,"href":"https:\/\/lpdiderot10.fr\/index.php\/wp-json\/wp\/v2\/pages\/41"}],"wp:featuredmedia":[{"embeddable":true,"href":"https:\/\/lpdiderot10.fr\/index.php\/wp-json\/wp\/v2\/media\/1483"}],"wp:attachment":[{"href":"https:\/\/lpdiderot10.fr\/index.php\/wp-json\/wp\/v2\/media?parent=163"}],"curies":[{"name":"wp","href":"https:\/\/api.w.org\/{rel}","templated":true}]}}