{"id":173,"date":"2018-02-28T11:57:23","date_gmt":"2018-02-28T10:57:23","guid":{"rendered":"http:\/\/lpdiderot10.fr\/?page_id=173"},"modified":"2018-09-26T15:37:03","modified_gmt":"2018-09-26T13:37:03","slug":"maison-des-lyceens","status":"publish","type":"page","link":"https:\/\/lpdiderot10.fr\/index.php\/vie-au-lycee\/maison-des-lyceens\/","title":{"rendered":"Maison des lyc\u00e9ens"},"content":{"rendered":"<p><b>Adh\u00e9sion<\/b><\/p>\n<p>Association loi 1901, une cotisation annuelle d\u2019un montant de dix euros est n\u00e9cessaire pour acc\u00e9der aux diff\u00e9rentes activit\u00e9s et au foyer des \u00e9l\u00e8ves.<\/p>\n<p>&nbsp;<\/p>\n<p><b>Les activit\u00e9s propos\u00e9es<\/b><\/p>\n<p>Situ\u00e9 au rez-de-chauss\u00e9e du b\u00e2timent E, \u00a0celui-ci offre :<\/p>\n<p>&#8211; une salle foyer caf\u00e9t\u00e9ria<\/p>\n<p>&#8211; une salle de jeux (tennis de table, baby-foot, jeux de soci\u00e9t\u00e9s\u2026)<\/p>\n<p>&#8211; une salle t\u00e9l\u00e9vision<\/p>\n<p>&#8211; un salon d\u00e9tente<\/p>\n<p>&#8211; une salle musique<\/p>\n<p>&nbsp;<\/p>\n<p>Les \u00e9l\u00e8ves y sont encadr\u00e9s par deux animateurs service civique.<\/p>\n<p>&nbsp;<\/p>\n","protected":false},"excerpt":{"rendered":"<p>Adh\u00e9sion Association loi 1901, une cotisation annuelle d\u2019un montant de dix euros est n\u00e9cessaire pour acc\u00e9der aux diff\u00e9rentes activit\u00e9s et au foyer des \u00e9l\u00e8ves. &nbsp; Les activit\u00e9s propos\u00e9es Situ\u00e9 au rez-de-chauss\u00e9e du b\u00e2timent E, \u00a0celui-ci offre : &#8211; une salle foyer caf\u00e9t\u00e9ria &#8211; une salle de jeux (tennis de table, baby-foot, jeux de soci\u00e9t\u00e9s\u2026) &#8211; [&hellip;]<\/p>\n","protected":false},"author":2,"featured_media":0,"parent":47,"menu_order":0,"comment_status":"closed","ping_status":"closed","template":"page-templates\/page_fullwidth.php","meta":[],"_links":{"self":[{"href":"https:\/\/lpdiderot10.fr\/index.php\/wp-json\/wp\/v2\/pages\/173"}],"collection":[{"href":"https:\/\/lpdiderot10.fr\/index.php\/wp-json\/wp\/v2\/pages"}],"about":[{"href":"https:\/\/lpdiderot10.fr\/index.php\/wp-json\/wp\/v2\/types\/page"}],"author":[{"embeddable":true,"href":"https:\/\/lpdiderot10.fr\/index.php\/wp-json\/wp\/v2\/users\/2"}],"replies":[{"embeddable":true,"href":"https:\/\/lpdiderot10.fr\/index.php\/wp-json\/wp\/v2\/comments?post=173"}],"version-history":[{"count":2,"href":"https:\/\/lpdiderot10.fr\/index.php\/wp-json\/wp\/v2\/pages\/173\/revisions"}],"predecessor-version":[{"id":601,"href":"https:\/\/lpdiderot10.fr\/index.php\/wp-json\/wp\/v2\/pages\/173\/revisions\/601"}],"up":[{"embeddable":true,"href":"https:\/\/lpdiderot10.fr\/index.php\/wp-json\/wp\/v2\/pages\/47"}],"wp:attachment":[{"href":"https:\/\/lpdiderot10.fr\/index.php\/wp-json\/wp\/v2\/media?parent=173"}],"curies":[{"name":"wp","href":"https:\/\/api.w.org\/{rel}","templated":true}]}}