{"id":2486,"date":"2021-11-18T10:56:28","date_gmt":"2021-11-18T09:56:28","guid":{"rendered":"https:\/\/lpdiderot10.fr\/?page_id=2486"},"modified":"2024-04-08T10:56:58","modified_gmt":"2024-04-08T08:56:58","slug":"ulis","status":"publish","type":"page","link":"https:\/\/lpdiderot10.fr\/index.php\/ulis\/","title":{"rendered":"DISPOSITIF ULIS"},"content":{"rendered":"\n<p>Les \u00e9l\u00e8ves orient\u00e9s dans le dispositif ULIS b\u00e9n\u00e9ficient\u00a0:<\/p>\n<ul>\n<li>D\u2019un appui aux apprentissages g\u00e9n\u00e9raux et professionnels\u00a0;<\/li>\n<li>D\u2019un suivi de leur projet d&#8217;orientation\u00a0;<\/li>\n<li>D\u2019un suivi des p\u00e9riodes de formation en milieu professionnel\u00a0;<\/li>\n<li>D\u2019am\u00e9nagements et d\u2019adaptations n\u00e9cessaires selon leurs besoins en milieu scolaire (emploi du temps et\/ou parcours scolaire) mais aussi le cas \u00e9ch\u00e9ant en entreprise\u00a0;<\/li>\n<li>D\u2019un accompagnement \u00e0 l&#8217;insertion professionnelle.<\/li>\n<\/ul>\n<p>Toutes les formations sont accessibles aux \u00e9l\u00e8ves orient\u00e9s en ULIS mais prioritairement les CAP.<\/p>\n<p>Le dispositif est coordonn\u00e9 par M BIANIC Fr\u00e9d\u00e9ric<\/p>\n<p>\u00a0<\/p>\n<p>\u00a0Vous trouverez la plaquette de pr\u00e9sentation du dispositif ULIS en cliquant sur le lien ci-dessous.\u00a0<br \/><a href=\"https:\/\/www.calameo.com\/read\/007611485748a1cdf7e51\">https:\/\/www.calameo.com\/read\/007611485748a1cdf7e51<\/a>\u00a0<\/p>\n","protected":false},"excerpt":{"rendered":"<p>Les \u00e9l\u00e8ves orient\u00e9s dans le dispositif ULIS b\u00e9n\u00e9ficient\u00a0: D\u2019un appui aux apprentissages g\u00e9n\u00e9raux et professionnels\u00a0; D\u2019un suivi de leur projet d&#8217;orientation\u00a0; D\u2019un suivi des p\u00e9riodes de formation en milieu professionnel\u00a0; D\u2019am\u00e9nagements et d\u2019adaptations n\u00e9cessaires selon leurs besoins en milieu scolaire (emploi du temps et\/ou parcours scolaire) mais aussi le cas \u00e9ch\u00e9ant en entreprise\u00a0; D\u2019un accompagnement [&hellip;]<\/p>\n","protected":false},"author":10,"featured_media":0,"parent":0,"menu_order":0,"comment_status":"closed","ping_status":"closed","template":"","meta":[],"_links":{"self":[{"href":"https:\/\/lpdiderot10.fr\/index.php\/wp-json\/wp\/v2\/pages\/2486"}],"collection":[{"href":"https:\/\/lpdiderot10.fr\/index.php\/wp-json\/wp\/v2\/pages"}],"about":[{"href":"https:\/\/lpdiderot10.fr\/index.php\/wp-json\/wp\/v2\/types\/page"}],"author":[{"embeddable":true,"href":"https:\/\/lpdiderot10.fr\/index.php\/wp-json\/wp\/v2\/users\/10"}],"replies":[{"embeddable":true,"href":"https:\/\/lpdiderot10.fr\/index.php\/wp-json\/wp\/v2\/comments?post=2486"}],"version-history":[{"count":7,"href":"https:\/\/lpdiderot10.fr\/index.php\/wp-json\/wp\/v2\/pages\/2486\/revisions"}],"predecessor-version":[{"id":3581,"href":"https:\/\/lpdiderot10.fr\/index.php\/wp-json\/wp\/v2\/pages\/2486\/revisions\/3581"}],"wp:attachment":[{"href":"https:\/\/lpdiderot10.fr\/index.php\/wp-json\/wp\/v2\/media?parent=2486"}],"curies":[{"name":"wp","href":"https:\/\/api.w.org\/{rel}","templated":true}]}}