{"id":49,"date":"2018-02-26T15:19:45","date_gmt":"2018-02-26T14:19:45","guid":{"rendered":"http:\/\/localhost\/?page_id=49"},"modified":"2023-09-13T17:31:31","modified_gmt":"2023-09-13T15:31:31","slug":"linternat","status":"publish","type":"page","link":"https:\/\/lpdiderot10.fr\/index.php\/vie-au-lycee\/linternat\/","title":{"rendered":"Internat d&#8217;excellence et du pro"},"content":{"rendered":"<p style=\"text-align: right;\"><a href=\"https:\/\/lpdiderot10.fr\/index.php\/vie-de-linternat\/\">vie de l&#8217;internat<\/a> \/ <a href=\"https:\/\/lpdiderot10.fr\/index.php\/category\/internat\/\">Actualit\u00e9s<\/a><\/p>\n<p style=\"text-align: justify;\">A la rentr\u00e9e 2021, l\u2019internat du lyc\u00e9e Denis Diderot ouvrira ses portes avec un label \u00ab\u00a0Internat d\u2019excellence \u2013 Internat du Pro\u00a0\u00bb. Cela signifie que notre internat proposera un projet p\u00e9dagogique et \u00e9ducatif renforc\u00e9 afin d\u2019accompagner au mieux les \u00e9l\u00e8ves internes.<\/p>\n<p><img loading=\"lazy\" width=\"296\" height=\"296\" class=\"wp-image-2295 aligncenter\" src=\"https:\/\/lpdiderot10.fr\/wp-content\/uploads\/2021\/06\/word-image.jpeg\" srcset=\"https:\/\/lpdiderot10.fr\/wp-content\/uploads\/2021\/06\/word-image.jpeg 296w, https:\/\/lpdiderot10.fr\/wp-content\/uploads\/2021\/06\/word-image-150x150.jpeg 150w\" sizes=\"(max-width: 296px) 100vw, 296px\" \/><\/p>\n<p><strong>ETRE INTERNE AU LP DIDEROT c\u2019est quoi\u00a0?<\/strong><\/p>\n<p style=\"text-align: justify;\">La vie \u00e0 l\u2019internat permettra \u00e0 nos \u00e9l\u00e8ves de se responsabiliser et de gagner en autonomie. Ils apprendront \u00e0 s\u2019interroger sur leur cadre et leur hygi\u00e8ne de vie (sant\u00e9, alimentation), \u00e0 s\u2019engager aupr\u00e8s des associations et professionnels partenaires du lyc\u00e9e ou encore \u00e0 d\u00e9velopper leurs comp\u00e9tences sociales et orales. Les internes pourront b\u00e9n\u00e9ficier des structures de loisirs et de d\u00e9tente n\u00e9cessaires \u00e0 leur bien-\u00eatre. Etre interne au lyc\u00e9e Diderot c\u2019est aussi participer aux instances lyc\u00e9ennes pour s\u2019engager dans l\u2019am\u00e9lioration de la vie des lyc\u00e9ens et lancer des projets innovants\u00a0!<\/p>\n<table>\n<tbody>\n<tr>\n<td><img loading=\"lazy\" width=\"476\" height=\"634\" class=\"wp-image-2296\" src=\"https:\/\/lpdiderot10.fr\/wp-content\/uploads\/2021\/06\/word-image-1.jpeg\" srcset=\"https:\/\/lpdiderot10.fr\/wp-content\/uploads\/2021\/06\/word-image-1.jpeg 476w, https:\/\/lpdiderot10.fr\/wp-content\/uploads\/2021\/06\/word-image-1-225x300.jpeg 225w\" sizes=\"(max-width: 476px) 100vw, 476px\" \/><\/td>\n<td><img loading=\"lazy\" width=\"581\" height=\"581\" class=\"wp-image-2297\" src=\"https:\/\/lpdiderot10.fr\/wp-content\/uploads\/2021\/06\/word-image-2.jpeg\" srcset=\"https:\/\/lpdiderot10.fr\/wp-content\/uploads\/2021\/06\/word-image-2.jpeg 581w, https:\/\/lpdiderot10.fr\/wp-content\/uploads\/2021\/06\/word-image-2-300x300.jpeg 300w, https:\/\/lpdiderot10.fr\/wp-content\/uploads\/2021\/06\/word-image-2-150x150.jpeg 150w\" sizes=\"(max-width: 581px) 100vw, 581px\" \/><\/td>\n<td><img loading=\"lazy\" width=\"687\" height=\"515\" class=\"wp-image-2298\" src=\"https:\/\/lpdiderot10.fr\/wp-content\/uploads\/2021\/06\/word-image-3.jpeg\" srcset=\"https:\/\/lpdiderot10.fr\/wp-content\/uploads\/2021\/06\/word-image-3.jpeg 687w, https:\/\/lpdiderot10.fr\/wp-content\/uploads\/2021\/06\/word-image-3-300x225.jpeg 300w\" sizes=\"(max-width: 687px) 100vw, 687px\" \/><\/td>\n<\/tr>\n<\/tbody>\n<\/table>\n<p><strong>SUIVRE UNE FORMATION AU LP DIDEROT<\/strong> <strong>c\u2019est quoi\u00a0?<\/strong><\/p>\n<p style=\"text-align: justify;\">Les diff\u00e9rentes formations propos\u00e9es au lyc\u00e9e s\u2019organisent autour de structures accueillantes et fonctionnelles. Les plateaux techniques des m\u00e9tiers du bois ont \u00e9t\u00e9 r\u00e9nov\u00e9s et sont uniques dans le Grand Est. Les autres fili\u00e8res b\u00e9n\u00e9ficient \u00e9galement d\u2019ateliers fonctionnels et attractifs.<\/p>\n<p style=\"text-align: justify;\">Etre \u00e9l\u00e8ve au LP Diderot, c\u2019est aussi b\u00e9n\u00e9ficier d\u2019un accompagnement complet pour obtenir son dipl\u00f4me et r\u00e9ussir son insertion professionnelle (soutien scolaire, dispositif Devoirs Faits). Les \u00e9l\u00e8ves ont \u00e9galement l\u2019opportunit\u00e9 de d\u00e9velopper leurs connaissances artistiques et culturelles.<\/p>\n<table>\n<tbody>\n<tr>\n<td><img loading=\"lazy\" width=\"512\" height=\"682\" class=\"wp-image-2299\" src=\"https:\/\/lpdiderot10.fr\/wp-content\/uploads\/2021\/06\/word-image-4.jpeg\" srcset=\"https:\/\/lpdiderot10.fr\/wp-content\/uploads\/2021\/06\/word-image-4.jpeg 512w, https:\/\/lpdiderot10.fr\/wp-content\/uploads\/2021\/06\/word-image-4-225x300.jpeg 225w\" sizes=\"(max-width: 512px) 100vw, 512px\" \/><\/td>\n<td><img loading=\"lazy\" width=\"518\" height=\"690\" class=\"wp-image-2300\" src=\"https:\/\/lpdiderot10.fr\/wp-content\/uploads\/2021\/06\/word-image-5.jpeg\" srcset=\"https:\/\/lpdiderot10.fr\/wp-content\/uploads\/2021\/06\/word-image-5.jpeg 518w, https:\/\/lpdiderot10.fr\/wp-content\/uploads\/2021\/06\/word-image-5-225x300.jpeg 225w\" sizes=\"(max-width: 518px) 100vw, 518px\" \/><\/td>\n<td><img loading=\"lazy\" width=\"941\" height=\"706\" class=\"wp-image-2301\" src=\"https:\/\/lpdiderot10.fr\/wp-content\/uploads\/2021\/06\/word-image-6.jpeg\" srcset=\"https:\/\/lpdiderot10.fr\/wp-content\/uploads\/2021\/06\/word-image-6.jpeg 941w, https:\/\/lpdiderot10.fr\/wp-content\/uploads\/2021\/06\/word-image-6-300x225.jpeg 300w, https:\/\/lpdiderot10.fr\/wp-content\/uploads\/2021\/06\/word-image-6-768x576.jpeg 768w, https:\/\/lpdiderot10.fr\/wp-content\/uploads\/2021\/06\/word-image-6-820x615.jpeg 820w\" sizes=\"(max-width: 941px) 100vw, 941px\" \/><\/td>\n<\/tr>\n<\/tbody>\n<\/table>\n<p><strong>EXPLORER LES VALEURS DE L\u2019OLYMPISME AU LP DIDEROT<\/strong> <strong>c\u2019est quoi\u00a0?<\/strong><\/p>\n<p style=\"text-align: justify;\">Dans le cadre de la labellisation, nous avions \u00e0 c\u0153ur de donner une nouvelle dynamique sportive \u00e0 la vie de nos \u00e9l\u00e8ves internes. Aussi, ils auront l\u2019occasion de d\u00e9couvrir des activit\u00e9s sportives et associatives tout au long de l\u2019ann\u00e9e (kayak, tir \u00e0 l\u2019arc, escalade, natation, taekwondo, musculation, catch, athl\u00e9tisme, etc.). Ils pourront alors d\u00e9couvrir les valeurs sportives comme la confiance en soi, l\u2019amiti\u00e9, le respect ou encore le go\u00fbt de l\u2019effort. Tous les engagements des \u00e9l\u00e8ves seront inscrits dans leurs parcours \u00e9ducatifs afin de valoriser leurs initiatives et enrichir leur CV scolaire.<\/p>\n<table>\n<tbody>\n<tr>\n<td><img loading=\"lazy\" width=\"573\" height=\"553\" class=\"wp-image-2302\" src=\"https:\/\/lpdiderot10.fr\/wp-content\/uploads\/2021\/06\/word-image-7.jpeg\" srcset=\"https:\/\/lpdiderot10.fr\/wp-content\/uploads\/2021\/06\/word-image-7.jpeg 573w, https:\/\/lpdiderot10.fr\/wp-content\/uploads\/2021\/06\/word-image-7-300x290.jpeg 300w\" sizes=\"(max-width: 573px) 100vw, 573px\" \/><\/td>\n<td><img loading=\"lazy\" width=\"728\" height=\"546\" class=\"wp-image-2303\" src=\"https:\/\/lpdiderot10.fr\/wp-content\/uploads\/2021\/06\/word-image-8.jpeg\" srcset=\"https:\/\/lpdiderot10.fr\/wp-content\/uploads\/2021\/06\/word-image-8.jpeg 728w, https:\/\/lpdiderot10.fr\/wp-content\/uploads\/2021\/06\/word-image-8-300x225.jpeg 300w\" sizes=\"(max-width: 728px) 100vw, 728px\" \/><\/td>\n<td><img loading=\"lazy\" width=\"415\" height=\"553\" class=\"wp-image-2304\" src=\"https:\/\/lpdiderot10.fr\/wp-content\/uploads\/2021\/06\/word-image-9.jpeg\" srcset=\"https:\/\/lpdiderot10.fr\/wp-content\/uploads\/2021\/06\/word-image-9.jpeg 415w, https:\/\/lpdiderot10.fr\/wp-content\/uploads\/2021\/06\/word-image-9-225x300.jpeg 225w\" sizes=\"(max-width: 415px) 100vw, 415px\" \/><\/td>\n<\/tr>\n<\/tbody>\n<\/table>\n<p><strong>Bienvenue \u00e0 tous\u00a0!<\/strong><\/p>\n","protected":false},"excerpt":{"rendered":"<p>vie de l&#8217;internat \/ Actualit\u00e9s A la rentr\u00e9e 2021, l\u2019internat du lyc\u00e9e Denis Diderot ouvrira ses portes avec un label \u00ab\u00a0Internat d\u2019excellence \u2013 Internat du Pro\u00a0\u00bb. Cela signifie que notre internat proposera un projet p\u00e9dagogique et \u00e9ducatif renforc\u00e9 afin d\u2019accompagner au mieux les \u00e9l\u00e8ves internes. ETRE INTERNE AU LP DIDEROT c\u2019est quoi\u00a0? La vie \u00e0 [&hellip;]<\/p>\n","protected":false},"author":2,"featured_media":0,"parent":47,"menu_order":0,"comment_status":"closed","ping_status":"closed","template":"page-templates\/page_fullwidth.php","meta":[],"_links":{"self":[{"href":"https:\/\/lpdiderot10.fr\/index.php\/wp-json\/wp\/v2\/pages\/49"}],"collection":[{"href":"https:\/\/lpdiderot10.fr\/index.php\/wp-json\/wp\/v2\/pages"}],"about":[{"href":"https:\/\/lpdiderot10.fr\/index.php\/wp-json\/wp\/v2\/types\/page"}],"author":[{"embeddable":true,"href":"https:\/\/lpdiderot10.fr\/index.php\/wp-json\/wp\/v2\/users\/2"}],"replies":[{"embeddable":true,"href":"https:\/\/lpdiderot10.fr\/index.php\/wp-json\/wp\/v2\/comments?post=49"}],"version-history":[{"count":12,"href":"https:\/\/lpdiderot10.fr\/index.php\/wp-json\/wp\/v2\/pages\/49\/revisions"}],"predecessor-version":[{"id":3334,"href":"https:\/\/lpdiderot10.fr\/index.php\/wp-json\/wp\/v2\/pages\/49\/revisions\/3334"}],"up":[{"embeddable":true,"href":"https:\/\/lpdiderot10.fr\/index.php\/wp-json\/wp\/v2\/pages\/47"}],"wp:attachment":[{"href":"https:\/\/lpdiderot10.fr\/index.php\/wp-json\/wp\/v2\/media?parent=49"}],"curies":[{"name":"wp","href":"https:\/\/api.w.org\/{rel}","templated":true}]}}

<p style="text-align: right;"><a href="https://lpdiderot10.fr/index.php/vie-de-linternat/">vie de l&#8217;internat</a> / <a href="https://lpdiderot10.fr/index.php/category/internat/">Actualités</a></p>
<p style="text-align: justify;">A la rentrée 2021, l’internat du lycée Denis Diderot ouvrira ses portes avec un label « Internat d’excellence – Internat du Pro ». Cela signifie que notre internat proposera un projet pédagogique et éducatif renforcé afin d’accompagner au mieux les élèves internes.</p>
<p><img loading="lazy" width="296" height="296" class="wp-image-2295 aligncenter" src="https://lpdiderot10.fr/wp-content/uploads/2021/06/word-image.jpeg" srcset="https://lpdiderot10.fr/wp-content/uploads/2021/06/word-image.jpeg 296w, https://lpdiderot10.fr/wp-content/uploads/2021/06/word-image-150x150.jpeg 150w" sizes="(max-width: 296px) 100vw, 296px" /></p>
<p><strong>ETRE INTERNE AU LP DIDEROT c’est quoi ?</strong></p>
<p style="text-align: justify;">La vie à l’internat permettra à nos élèves de se responsabiliser et de gagner en autonomie. Ils apprendront à s’interroger sur leur cadre et leur hygiène de vie (santé, alimentation), à s’engager auprès des associations et professionnels partenaires du lycée ou encore à développer leurs compétences sociales et orales. Les internes pourront bénéficier des structures de loisirs et de détente nécessaires à leur bien-être. Etre interne au lycée Diderot c’est aussi participer aux instances lycéennes pour s’engager dans l’amélioration de la vie des lycéens et lancer des projets innovants !</p>
<table>
<tbody>
<tr>
<td><img loading="lazy" width="476" height="634" class="wp-image-2296" src="https://lpdiderot10.fr/wp-content/uploads/2021/06/word-image-1.jpeg" srcset="https://lpdiderot10.fr/wp-content/uploads/2021/06/word-image-1.jpeg 476w, https://lpdiderot10.fr/wp-content/uploads/2021/06/word-image-1-225x300.jpeg 225w" sizes="(max-width: 476px) 100vw, 476px" /></td>
<td><img loading="lazy" width="581" height="581" class="wp-image-2297" src="https://lpdiderot10.fr/wp-content/uploads/2021/06/word-image-2.jpeg" srcset="https://lpdiderot10.fr/wp-content/uploads/2021/06/word-image-2.jpeg 581w, https://lpdiderot10.fr/wp-content/uploads/2021/06/word-image-2-300x300.jpeg 300w, https://lpdiderot10.fr/wp-content/uploads/2021/06/word-image-2-150x150.jpeg 150w" sizes="(max-width: 581px) 100vw, 581px" /></td>
<td><img loading="lazy" width="687" height="515" class="wp-image-2298" src="https://lpdiderot10.fr/wp-content/uploads/2021/06/word-image-3.jpeg" srcset="https://lpdiderot10.fr/wp-content/uploads/2021/06/word-image-3.jpeg 687w, https://lpdiderot10.fr/wp-content/uploads/2021/06/word-image-3-300x225.jpeg 300w" sizes="(max-width: 687px) 100vw, 687px" /></td>
</tr>
</tbody>
</table>
<p><strong>SUIVRE UNE FORMATION AU LP DIDEROT</strong> <strong>c’est quoi ?</strong></p>
<p style="text-align: justify;">Les différentes formations proposées au lycée s’organisent autour de structures accueillantes et fonctionnelles. Les plateaux techniques des métiers du bois ont été rénovés et sont uniques dans le Grand Est. Les autres filières bénéficient également d’ateliers fonctionnels et attractifs.</p>
<p style="text-align: justify;">Etre élève au LP Diderot, c’est aussi bénéficier d’un accompagnement complet pour obtenir son diplôme et réussir son insertion professionnelle (soutien scolaire, dispositif Devoirs Faits). Les élèves ont également l’opportunité de développer leurs connaissances artistiques et culturelles.</p>
<table>
<tbody>
<tr>
<td><img loading="lazy" width="512" height="682" class="wp-image-2299" src="https://lpdiderot10.fr/wp-content/uploads/2021/06/word-image-4.jpeg" srcset="https://lpdiderot10.fr/wp-content/uploads/2021/06/word-image-4.jpeg 512w, https://lpdiderot10.fr/wp-content/uploads/2021/06/word-image-4-225x300.jpeg 225w" sizes="(max-width: 512px) 100vw, 512px" /></td>
<td><img loading="lazy" width="518" height="690" class="wp-image-2300" src="https://lpdiderot10.fr/wp-content/uploads/2021/06/word-image-5.jpeg" srcset="https://lpdiderot10.fr/wp-content/uploads/2021/06/word-image-5.jpeg 518w, https://lpdiderot10.fr/wp-content/uploads/2021/06/word-image-5-225x300.jpeg 225w" sizes="(max-width: 518px) 100vw, 518px" /></td>
<td><img loading="lazy" width="941" height="706" class="wp-image-2301" src="https://lpdiderot10.fr/wp-content/uploads/2021/06/word-image-6.jpeg" srcset="https://lpdiderot10.fr/wp-content/uploads/2021/06/word-image-6.jpeg 941w, https://lpdiderot10.fr/wp-content/uploads/2021/06/word-image-6-300x225.jpeg 300w, https://lpdiderot10.fr/wp-content/uploads/2021/06/word-image-6-768x576.jpeg 768w, https://lpdiderot10.fr/wp-content/uploads/2021/06/word-image-6-820x615.jpeg 820w" sizes="(max-width: 941px) 100vw, 941px" /></td>
</tr>
</tbody>
</table>
<p><strong>EXPLORER LES VALEURS DE L’OLYMPISME AU LP DIDEROT</strong> <strong>c’est quoi ?</strong></p>
<p style="text-align: justify;">Dans le cadre de la labellisation, nous avions à cœur de donner une nouvelle dynamique sportive à la vie de nos élèves internes. Aussi, ils auront l’occasion de découvrir des activités sportives et associatives tout au long de l’année (kayak, tir à l’arc, escalade, natation, taekwondo, musculation, catch, athlétisme, etc.). Ils pourront alors découvrir les valeurs sportives comme la confiance en soi, l’amitié, le respect ou encore le goût de l’effort. Tous les engagements des élèves seront inscrits dans leurs parcours éducatifs afin de valoriser leurs initiatives et enrichir leur CV scolaire.</p>
<table>
<tbody>
<tr>
<td><img loading="lazy" width="573" height="553" class="wp-image-2302" src="https://lpdiderot10.fr/wp-content/uploads/2021/06/word-image-7.jpeg" srcset="https://lpdiderot10.fr/wp-content/uploads/2021/06/word-image-7.jpeg 573w, https://lpdiderot10.fr/wp-content/uploads/2021/06/word-image-7-300x290.jpeg 300w" sizes="(max-width: 573px) 100vw, 573px" /></td>
<td><img loading="lazy" width="728" height="546" class="wp-image-2303" src="https://lpdiderot10.fr/wp-content/uploads/2021/06/word-image-8.jpeg" srcset="https://lpdiderot10.fr/wp-content/uploads/2021/06/word-image-8.jpeg 728w, https://lpdiderot10.fr/wp-content/uploads/2021/06/word-image-8-300x225.jpeg 300w" sizes="(max-width: 728px) 100vw, 728px" /></td>
<td><img loading="lazy" width="415" height="553" class="wp-image-2304" src="https://lpdiderot10.fr/wp-content/uploads/2021/06/word-image-9.jpeg" srcset="https://lpdiderot10.fr/wp-content/uploads/2021/06/word-image-9.jpeg 415w, https://lpdiderot10.fr/wp-content/uploads/2021/06/word-image-9-225x300.jpeg 225w" sizes="(max-width: 415px) 100vw, 415px" /></td>
</tr>
</tbody>
</table>
<p><strong>Bienvenue à tous !</strong></p>

<p>vie de l&#8217;internat / Actualités A la rentrée 2021, l’internat du lycée Denis Diderot ouvrira ses portes avec un label « Internat d’excellence – Internat du Pro ». Cela signifie que notre internat proposera un projet pédagogique et éducatif renforcé afin d’accompagner au mieux les élèves internes. ETRE INTERNE AU LP DIDEROT c’est quoi ? La vie à [&hellip;]</p>
