{"id":628,"date":"2018-09-26T15:59:10","date_gmt":"2018-09-26T13:59:10","guid":{"rendered":"http:\/\/lpdiderot10.fr\/?page_id=628"},"modified":"2018-09-26T16:34:58","modified_gmt":"2018-09-26T14:34:58","slug":"club-manga-culture-japonaise","status":"publish","type":"page","link":"https:\/\/lpdiderot10.fr\/index.php\/vie-au-lycee\/cdi\/club-manga-culture-japonaise\/","title":{"rendered":"Club Manga\/Culture japonaise"},"content":{"rendered":"<h3 style=\"text-align: center;\">Le club est ouvert \u00e0 tous, les jeudis de 13h \u00e0 14h, sur inscription au CDI.<\/h3>\n<h3 style=\"text-align: center;\">La premi\u00e8re session se d\u00e9roulera au mois d&#8217;octobre.<\/h3>\n","protected":false},"excerpt":{"rendered":"<p>Le club est ouvert \u00e0 tous, les jeudis de 13h \u00e0 14h, sur inscription au CDI. La premi\u00e8re session se d\u00e9roulera au mois d&#8217;octobre.<\/p>\n","protected":false},"author":10,"featured_media":0,"parent":60,"menu_order":0,"comment_status":"closed","ping_status":"closed","template":"","meta":[],"_links":{"self":[{"href":"https:\/\/lpdiderot10.fr\/index.php\/wp-json\/wp\/v2\/pages\/628"}],"collection":[{"href":"https:\/\/lpdiderot10.fr\/index.php\/wp-json\/wp\/v2\/pages"}],"about":[{"href":"https:\/\/lpdiderot10.fr\/index.php\/wp-json\/wp\/v2\/types\/page"}],"author":[{"embeddable":true,"href":"https:\/\/lpdiderot10.fr\/index.php\/wp-json\/wp\/v2\/users\/10"}],"replies":[{"embeddable":true,"href":"https:\/\/lpdiderot10.fr\/index.php\/wp-json\/wp\/v2\/comments?post=628"}],"version-history":[{"count":4,"href":"https:\/\/lpdiderot10.fr\/index.php\/wp-json\/wp\/v2\/pages\/628\/revisions"}],"predecessor-version":[{"id":3462,"href":"https:\/\/lpdiderot10.fr\/index.php\/wp-json\/wp\/v2\/pages\/628\/revisions\/3462"}],"up":[{"embeddable":true,"href":"https:\/\/lpdiderot10.fr\/index.php\/wp-json\/wp\/v2\/pages\/60"}],"wp:attachment":[{"href":"https:\/\/lpdiderot10.fr\/index.php\/wp-json\/wp\/v2\/media?parent=628"}],"curies":[{"name":"wp","href":"https:\/\/api.w.org\/{rel}","templated":true}]}}